{"id":29,"date":"2024-10-24T17:17:32","date_gmt":"2024-10-24T15:17:32","guid":{"rendered":"http:\/\/certyfikat-gorzow.pl\/?page_id=29"},"modified":"2026-02-18T09:31:29","modified_gmt":"2026-02-18T08:31:29","slug":"29-2","status":"publish","type":"page","link":"https:\/\/certyfikat-gorzow.pl\/","title":{"rendered":""},"content":{"rendered":"\t\t<div data-elementor-type=\"wp-page\" data-elementor-id=\"29\" class=\"elementor elementor-29\">\n\t\t\t\t<div class=\"elementor-element elementor-element-47dd19b e-flex e-con-boxed e-con e-parent\" data-id=\"47dd19b\" data-element_type=\"container\" data-e-type=\"container\">\n\t\t\t\t\t<div class=\"e-con-inner\">\n\t\t\t\t<div class=\"elementor-element elementor-element-9268e56 elementor-widget__width-initial elementor-widget elementor-widget-text-editor\" data-id=\"9268e56\" data-element_type=\"widget\" data-e-type=\"widget\" data-widget_type=\"text-editor.default\">\n\t\t\t\t<div class=\"elementor-widget-container\">\n\t\t\t\t\t\t\t\t\t<p><strong>Wykonamy dla Ciebie \u015bwiadectwo charakterystyki energetycznej lub audyt energetyczny, przeprowadzimy Ci\u0119 przez ca\u0142y proces, wyci\u0105gniemy za Ciebie potrzebne dokumenty, dzi\u0119ki czemu zaoszcz\u0119dzisz czas i nerwy. B\u0119dziesz pewien, \u017ce dokumenty zawieraj\u0105 poprawne dane, co sprawi, \u017ce unikniesz odpowiedzialno\u015bci karnej za podanie fa\u0142szywych danych. Zrealizujemy dla Ciebie us\u0142ug\u0119 nawet w dniu z\u0142o\u017cenia zam\u00f3wienia. <\/strong><\/p><p><strong>Zapraszamy do kontaktu\u00a0<\/strong><strong> tel. +48 797 801 105<\/strong><\/p><p><img fetchpriority=\"high\" decoding=\"async\" class=\"size-medium wp-image-777 aligncenter\" src=\"https:\/\/certyfikat-gorzow.pl\/wp-content\/uploads\/2026\/02\/LOGO-300x262.jpg\" alt=\"\" width=\"300\" height=\"262\" srcset=\"https:\/\/certyfikat-gorzow.pl\/wp-content\/uploads\/2026\/02\/LOGO-300x262.jpg 300w, https:\/\/certyfikat-gorzow.pl\/wp-content\/uploads\/2026\/02\/LOGO-200x175.jpg 200w, https:\/\/certyfikat-gorzow.pl\/wp-content\/uploads\/2026\/02\/LOGO.jpg 471w\" sizes=\"(max-width: 300px) 100vw, 300px\" \/><\/p>\t\t\t\t\t\t\t\t<\/div>\n\t\t\t\t<\/div>\n\t\t<div class=\"elementor-element elementor-element-7744f0e e-con-full e-flex e-con e-child\" data-id=\"7744f0e\" data-element_type=\"container\" data-e-type=\"container\">\n\t\t\t\t<div class=\"elementor-element elementor-element-69d0757 elementor-widget__width-initial elementor-widget elementor-widget-image\" data-id=\"69d0757\" data-element_type=\"widget\" data-e-type=\"widget\" data-widget_type=\"image.default\">\n\t\t\t\t<div class=\"elementor-widget-container\">\n\t\t\t\t\t\t\t\t\t\t\t\t\t\t\t<img decoding=\"async\" width=\"502\" height=\"1024\" src=\"https:\/\/certyfikat-gorzow.pl\/wp-content\/uploads\/2025\/06\/IPhone6_silver_frontface-502x1024.png\" class=\"attachment-large size-large wp-image-103\" alt=\"\" srcset=\"https:\/\/certyfikat-gorzow.pl\/wp-content\/uploads\/2025\/06\/IPhone6_silver_frontface-502x1024.png 502w, https:\/\/certyfikat-gorzow.pl\/wp-content\/uploads\/2025\/06\/IPhone6_silver_frontface-200x408.png 200w, https:\/\/certyfikat-gorzow.pl\/wp-content\/uploads\/2025\/06\/IPhone6_silver_frontface-147x300.png 147w, https:\/\/certyfikat-gorzow.pl\/wp-content\/uploads\/2025\/06\/IPhone6_silver_frontface-768x1566.png 768w, https:\/\/certyfikat-gorzow.pl\/wp-content\/uploads\/2025\/06\/IPhone6_silver_frontface-753x1536.png 753w, https:\/\/certyfikat-gorzow.pl\/wp-content\/uploads\/2025\/06\/IPhone6_silver_frontface.png 800w\" sizes=\"(max-width: 502px) 100vw, 502px\" \/>\t\t\t\t\t\t\t\t\t\t\t\t\t\t\t<\/div>\n\t\t\t\t<\/div>\n\t\t\t\t<\/div>\n\t\t\t\t\t<\/div>\n\t\t\t\t<\/div>\n\t\t<div class=\"elementor-element elementor-element-93ef993 e-flex e-con-boxed e-con e-parent\" data-id=\"93ef993\" data-element_type=\"container\" data-e-type=\"container\">\n\t\t\t\t\t<div class=\"e-con-inner\">\n\t\t\t\t<div class=\"elementor-element elementor-element-3b6a604 elementor-widget elementor-widget-button\" data-id=\"3b6a604\" data-element_type=\"widget\" data-e-type=\"widget\" data-widget_type=\"button.default\">\n\t\t\t\t<div class=\"elementor-widget-container\">\n\t\t\t\t\t\t\t\t\t<div class=\"elementor-button-wrapper\">\n\t\t\t\t\t<a class=\"elementor-button elementor-button-link elementor-size-sm\" href=\"?page_id=48\">\n\t\t\t\t\t\t<span class=\"elementor-button-content-wrapper\">\n\t\t\t\t\t\t\t\t\t<span class=\"elementor-button-text\">Cennik - \u015bwiadectwa energetyczne<\/span>\n\t\t\t\t\t<\/span>\n\t\t\t\t\t<\/a>\n\t\t\t\t<\/div>\n\t\t\t\t\t\t\t\t<\/div>\n\t\t\t\t<\/div>\n\t\t\t\t<div class=\"elementor-element elementor-element-6fd30aa elementor-align-left elementor-widget elementor-widget-button\" data-id=\"6fd30aa\" data-element_type=\"widget\" data-e-type=\"widget\" data-widget_type=\"button.default\">\n\t\t\t\t<div class=\"elementor-widget-container\">\n\t\t\t\t\t\t\t\t\t<div class=\"elementor-button-wrapper\">\n\t\t\t\t\t<a class=\"elementor-button elementor-button-link elementor-size-sm\" href=\"?page_id=589\">\n\t\t\t\t\t\t<span class=\"elementor-button-content-wrapper\">\n\t\t\t\t\t\t\t\t\t<span class=\"elementor-button-text\">Cennik - audyt i inne badania<\/span>\n\t\t\t\t\t<\/span>\n\t\t\t\t\t<\/a>\n\t\t\t\t<\/div>\n\t\t\t\t\t\t\t\t<\/div>\n\t\t\t\t<\/div>\n\t\t\t\t<div class=\"elementor-element elementor-element-8fb9f06 elementor-align-left elementor-widget elementor-widget-button\" data-id=\"8fb9f06\" data-element_type=\"widget\" data-e-type=\"widget\" data-widget_type=\"button.default\">\n\t\t\t\t<div class=\"elementor-widget-container\">\n\t\t\t\t\t\t\t\t\t<div class=\"elementor-button-wrapper\">\n\t\t\t\t\t<a class=\"elementor-button elementor-button-link elementor-size-sm\" href=\"?page_id=55\">\n\t\t\t\t\t\t<span class=\"elementor-button-content-wrapper\">\n\t\t\t\t\t\t\t\t\t<span class=\"elementor-button-text\">O mnie \/ kontakt<\/span>\n\t\t\t\t\t<\/span>\n\t\t\t\t\t<\/a>\n\t\t\t\t<\/div>\n\t\t\t\t\t\t\t\t<\/div>\n\t\t\t\t<\/div>\n\t\t\t\t\t<\/div>\n\t\t\t\t<\/div>\n\t\t\t\t<\/div>\n\t\t","protected":false},"excerpt":{"rendered":"<p>Wykonamy dla Ciebie \u015bwiadectwo charakterystyki energetycznej lub audyt energetyczny, przeprowadzimy Ci\u0119 przez ca\u0142y proces, wyci\u0105gniemy za Ciebie potrzebne dokumenty, dzi\u0119ki [&hellip;]<\/p>\n","protected":false},"author":1,"featured_media":0,"parent":0,"menu_order":0,"comment_status":"closed","ping_status":"closed","template":"","meta":{"site-sidebar-layout":"default","site-content-layout":"","ast-site-content-layout":"default","site-content-style":"default","site-sidebar-style":"default","ast-global-header-display":"","ast-banner-title-visibility":"","ast-main-header-display":"","ast-hfb-above-header-display":"","ast-hfb-below-header-display":"","ast-hfb-mobile-header-display":"","site-post-title":"","ast-breadcrumbs-content":"","ast-featured-img":"","footer-sml-layout":"","theme-transparent-header-meta":"","adv-header-id-meta":"","stick-header-meta":"","header-above-stick-meta":"","header-main-stick-meta":"","header-below-stick-meta":"","astra-migrate-meta-layouts":"default","ast-page-background-enabled":"default","ast-page-background-meta":{"desktop":{"background-color":"var(--ast-global-color-5)","background-image":"","background-repeat":"repeat","background-position":"center center","background-size":"auto","background-attachment":"scroll","background-type":"","background-media":"","overlay-type":"","overlay-color":"","overlay-opacity":"","overlay-gradient":""},"tablet":{"background-color":"","background-image":"","background-repeat":"repeat","background-position":"center center","background-size":"auto","background-attachment":"scroll","background-type":"","background-media":"","overlay-type":"","overlay-color":"","overlay-opacity":"","overlay-gradient":""},"mobile":{"background-color":"","background-image":"","background-repeat":"repeat","background-position":"center center","background-size":"auto","background-attachment":"scroll","background-type":"","background-media":"","overlay-type":"","overlay-color":"","overlay-opacity":"","overlay-gradient":""}},"ast-content-background-meta":{"desktop":{"background-color":"var(--ast-global-color-4)","background-image":"","background-repeat":"repeat","background-position":"center center","background-size":"auto","background-attachment":"scroll","background-type":"","background-media":"","overlay-type":"","overlay-color":"","overlay-opacity":"","overlay-gradient":""},"tablet":{"background-color":"var(--ast-global-color-4)","background-image":"","background-repeat":"repeat","background-position":"center center","background-size":"auto","background-attachment":"scroll","background-type":"","background-media":"","overlay-type":"","overlay-color":"","overlay-opacity":"","overlay-gradient":""},"mobile":{"background-color":"var(--ast-global-color-4)","background-image":"","background-repeat":"repeat","background-position":"center center","background-size":"auto","background-attachment":"scroll","background-type":"","background-media":"","overlay-type":"","overlay-color":"","overlay-opacity":"","overlay-gradient":""}},"footnotes":""},"class_list":["post-29","page","type-page","status-publish","hentry"],"_links":{"self":[{"href":"https:\/\/certyfikat-gorzow.pl\/index.php?rest_route=\/wp\/v2\/pages\/29","targetHints":{"allow":["GET"]}}],"collection":[{"href":"https:\/\/certyfikat-gorzow.pl\/index.php?rest_route=\/wp\/v2\/pages"}],"about":[{"href":"https:\/\/certyfikat-gorzow.pl\/index.php?rest_route=\/wp\/v2\/types\/page"}],"author":[{"embeddable":true,"href":"https:\/\/certyfikat-gorzow.pl\/index.php?rest_route=\/wp\/v2\/users\/1"}],"replies":[{"embeddable":true,"href":"https:\/\/certyfikat-gorzow.pl\/index.php?rest_route=%2Fwp%2Fv2%2Fcomments&post=29"}],"version-history":[{"count":95,"href":"https:\/\/certyfikat-gorzow.pl\/index.php?rest_route=\/wp\/v2\/pages\/29\/revisions"}],"predecessor-version":[{"id":790,"href":"https:\/\/certyfikat-gorzow.pl\/index.php?rest_route=\/wp\/v2\/pages\/29\/revisions\/790"}],"wp:attachment":[{"href":"https:\/\/certyfikat-gorzow.pl\/index.php?rest_route=%2Fwp%2Fv2%2Fmedia&parent=29"}],"curies":[{"name":"wp","href":"https:\/\/api.w.org\/{rel}","templated":true}]}}